{"id":3064,"date":"2024-08-27T08:21:37","date_gmt":"2024-08-27T08:21:37","guid":{"rendered":"https:\/\/www.kubabastore.com\/?page_id=3064"},"modified":"2024-08-27T08:21:37","modified_gmt":"2024-08-27T08:21:37","slug":"kargo-ve-teslimat-politikasi","status":"publish","type":"page","link":"https:\/\/www.kubabastore.com\/index.php\/kargo-ve-teslimat-politikasi\/","title":{"rendered":"Kargo ve Teslimat Politikas\u0131"},"content":{"rendered":"<p>[vc_row][vc_column][vc_row_inner css=&#8221;.vc_custom_1423746656783{padding-right: 20% !important;padding-left: 20% !important;}&#8221;][vc_column_inner][vc_column_text]<strong>Kargo ve Teslimat Politikas\u0131<\/strong><\/p>\n<p>T\u00fcm sipari\u015flerinizin g\u00f6nderimi\u00a0<strong>Yurti\u00e7i\u00a0Kargo<\/strong>\u00a0taraf\u0131ndan yap\u0131l\u0131r.<\/p>\n<p>Sipari\u015fleriniz kay\u0131tl\u0131 teslimat adresinize kargo ile 1 ile 5 i\u015f\u00a0g\u00fcn\u00fc i\u00e7erisinde g\u00f6nderilecektir. Sipari\u015finizi vermeden \u00f6nce teslimat adresinizi l\u00fctfen kontrol ediniz.<\/p>\n<p>Sipari\u015finiz teslim edildi\u011finde, kargo yetkilisi e\u015fli\u011finde paketinizi a\u00e7\u0131p kontrol edebilirsiniz. Paket ezilmi\u015f, y\u0131rt\u0131lm\u0131\u015f, a\u00e7\u0131lm\u0131\u015f, \u0131slanm\u0131\u015f vb. durumdaysa veya beklenmedik bir durum veya sorunlu \u00fcr\u00fcnle kar\u015f\u0131la\u015f\u0131rsan\u0131z, paketi teslim almay\u0131n\u0131z. Kargo yetkilisine tutanak tutturarak paketin kargo \u015firketi taraf\u0131ndan, taraf\u0131m\u0131za iade edilmesini sa\u011flay\u0131n\u0131z.<\/p>\n<p>\u0130lgili mevzuat uyar\u0131nca hizmet sa\u011flay\u0131c\u0131lar (posta-kargo firmalar\u0131) taraf\u0131ndan, posta g\u00f6nderilerinin al\u0131c\u0131ya teslimi a\u015famas\u0131nda; asgari olarak; teslim alan\u0131n, ad\u0131-soyad\u0131, TC kimlik numaras\u0131 (yabanc\u0131 uyruklular i\u00e7in pasaport numaras\u0131, uluslararas\u0131 ge\u00e7erlili\u011fi olan muadili belgenin numaras\u0131 veya TC yetkili mercilerince verilmi\u015f kimli\u011fi tespite yarayan belge numaras\u0131) kay\u0131t alt\u0131na al\u0131n\u0131r ve gerekti\u011finde ilgili mercilere sunmak \u00fczere gizlili\u011fi sa\u011flanarak en az iki y\u0131l s\u00fcreyle saklan\u0131r. Al\u0131c\u0131n\u0131n kimlik bilgilerini vermek istememesi durumunda g\u00f6nderi teslim edilmez, g\u00f6ndericisine iade edilir.<\/p>\n<p><strong>\u00a0<\/strong><\/p>\n<p><strong>\u0130ade Kargosu<\/strong>:<br \/>\nSat\u0131n al\u0131nm\u0131\u015f ve kullan\u0131lmam\u0131\u015f \u00fcr\u00fcnlerin iadesini, sat\u0131n al\u0131m tarihinden\u00a07 g\u00fcn i\u00e7erisinde yapabilirsiniz. Ancak KUBABA Tekstil\u2019e geri yollanan iade \u00fcr\u00fcnlerin\u00a0kargo \u00fccreti m\u00fc\u015fteriye aittir. Kargolar\u0131n al\u0131c\u0131 \u00f6demeli g\u00f6nderilmesi durumunda, kargolar kabul edilmeyecektir.<\/p>\n<p>&nbsp;[\/vc_column_text][\/vc_column_inner][\/vc_row_inner][\/vc_column][\/vc_row]<\/p>\n","protected":false},"excerpt":{"rendered":"<p>[vc_row][vc_column][vc_row_inner css=&#8221;.vc_custom_1423746656783{padding-right: 20% !important;padding-left: 20% !important;}&#8221;][vc_column_inner][vc_column_text]Kargo ve Teslimat Politikas\u0131 T\u00fcm sipari\u015flerinizin g\u00f6nderimi\u00a0Yurti\u00e7i\u00a0Kargo\u00a0taraf\u0131ndan yap\u0131l\u0131r. Sipari\u015fleriniz kay\u0131tl\u0131 teslimat adresinize kargo ile 1 ile 5 i\u015f\u00a0g\u00fcn\u00fc i\u00e7erisinde g\u00f6nderilecektir. Sipari\u015finizi vermeden \u00f6nce teslimat adresinizi l\u00fctfen kontrol ediniz. Sipari\u015finiz teslim edildi\u011finde, kargo yetkilisi e\u015fli\u011finde paketinizi a\u00e7\u0131p kontrol edebilirsiniz. Paket ezilmi\u015f, y\u0131rt\u0131lm\u0131\u015f, a\u00e7\u0131lm\u0131\u015f, \u0131slanm\u0131\u015f vb. durumdaysa veya beklenmedik bir durum veya<br class=\"read-more-spacer\"> <a class=\"more-link\" href=\"https:\/\/www.kubabastore.com\/index.php\/kargo-ve-teslimat-politikasi\/\">Read More<\/a><\/p>\n","protected":false},"author":1,"featured_media":2456,"parent":0,"menu_order":0,"comment_status":"closed","ping_status":"closed","template":"","meta":{"footnotes":""},"class_list":["post-3064","page","type-page","status-publish","has-post-thumbnail","hentry"],"acf":[],"_links":{"self":[{"href":"https:\/\/www.kubabastore.com\/index.php\/wp-json\/wp\/v2\/pages\/3064","targetHints":{"allow":["GET"]}}],"collection":[{"href":"https:\/\/www.kubabastore.com\/index.php\/wp-json\/wp\/v2\/pages"}],"about":[{"href":"https:\/\/www.kubabastore.com\/index.php\/wp-json\/wp\/v2\/types\/page"}],"author":[{"embeddable":true,"href":"https:\/\/www.kubabastore.com\/index.php\/wp-json\/wp\/v2\/users\/1"}],"replies":[{"embeddable":true,"href":"https:\/\/www.kubabastore.com\/index.php\/wp-json\/wp\/v2\/comments?post=3064"}],"version-history":[{"count":2,"href":"https:\/\/www.kubabastore.com\/index.php\/wp-json\/wp\/v2\/pages\/3064\/revisions"}],"predecessor-version":[{"id":3066,"href":"https:\/\/www.kubabastore.com\/index.php\/wp-json\/wp\/v2\/pages\/3064\/revisions\/3066"}],"wp:featuredmedia":[{"embeddable":true,"href":"https:\/\/www.kubabastore.com\/index.php\/wp-json\/"}],"wp:attachment":[{"href":"https:\/\/www.kubabastore.com\/index.php\/wp-json\/wp\/v2\/media?parent=3064"}],"curies":[{"name":"wp","href":"https:\/\/api.w.org\/{rel}","templated":true}]}}